{"id":4752,"date":"2023-06-07T17:04:20","date_gmt":"2023-06-07T15:04:20","guid":{"rendered":"https:\/\/scemanagement.net\/?page_id=4752"},"modified":"2024-02-20T16:26:27","modified_gmt":"2024-02-20T15:26:27","slug":"evenements","status":"publish","type":"page","link":"https:\/\/scemanagement.net\/index.php\/evenements\/","title":{"rendered":"EVENEMENTS"},"content":{"rendered":"\t\t<div data-elementor-type=\"wp-page\" data-elementor-id=\"4752\" class=\"elementor elementor-4752\">\n\t\t\t\t\t\t\t\t\t<section class=\"elementor-section elementor-top-section elementor-element elementor-element-3534864 elementor-section-boxed elementor-section-height-default elementor-section-height-default\" data-id=\"3534864\" data-element_type=\"section\" data-settings=\"{&quot;background_background&quot;:&quot;gradient&quot;}\">\n\t\t\t\t\t\t<div class=\"elementor-container elementor-column-gap-no\">\n\t\t\t\t\t<div class=\"elementor-column elementor-col-100 elementor-top-column elementor-element elementor-element-5287f43\" data-id=\"5287f43\" data-element_type=\"column\">\n\t\t\t<div class=\"elementor-widget-wrap\">\n\t\t\t\t\t\t\t\t\t<\/div>\n\t\t<\/div>\n\t\t\t\t\t\t\t<\/div>\n\t\t<\/section>\n\t\t\t\t<section class=\"elementor-section elementor-top-section elementor-element elementor-element-b32ee49 elementor-section-boxed elementor-section-height-default elementor-section-height-default\" data-id=\"b32ee49\" data-element_type=\"section\">\n\t\t\t\t\t\t<div class=\"elementor-container elementor-column-gap-default\">\n\t\t\t\t\t<div class=\"elementor-column elementor-col-100 elementor-top-column elementor-element elementor-element-55078b3\" data-id=\"55078b3\" data-element_type=\"column\">\n\t\t\t<div class=\"elementor-widget-wrap elementor-element-populated\">\n\t\t\t\t\t\t\t\t<div class=\"elementor-element elementor-element-893a557 elementor-widget elementor-widget-countdown-timer-widget\" data-id=\"893a557\" data-element_type=\"widget\" data-widget_type=\"countdown-timer-widget.default\">\n\t\t\t\t<div class=\"elementor-widget-container\">\n\t\t\t\t\t<div class=\"countdown-timer-widget\">\n\t\t    <div id=\"countdown-timer-893a557\" class=\"countdown-timer-init\"><\/div>\n\t\t\t<div id=\"finished-message-893a557\" class=\"finished-message\"><\/div>\n\t\t<\/div>\n\t\t<script>\n\t\t\tjQuery(function(){\t\t\t\t\n\t\t\t\tjQuery('#countdown-timer-893a557').countdowntimer({\n                    dateAndTime : \"2024\/02\/22 16:30\",\n                    regexpMatchFormat: \"([0-9]{1,3}):([0-9]{1,2}):([0-9]{1,2}):([0-9]{1,2})\",\n      \t\t\t\tregexpReplaceWith: \"<div class='countdown-items'><span class='ctw-digits'>$1<\/span><span class='ctw-label'>JOURS<\/span> <\/div> <div class='countdown-items'><span class='ctw-digits'>$2 <\/span><span class='ctw-label'>HEURES<\/span><\/div><div class='countdown-items'> <span class='ctw-digits'> $3 <\/span><span class='ctw-label'>MINUTES<\/span> <\/div><div class='countdown-items'><span class='ctw-digits'> $4<\/span><span class='ctw-label'>SECONDES<\/span><\/div>\",\t\t\t\t\t\n\t\t\t\t\t\t\t\t\t\ttimeUp : timeisUp,\t\t\t\t\t\n\t\t\t\t\t                });\n\t\t\t\t\n\t\t\t\t\t\t\t\t\t\t\t\t\n\t\t\t\t\tfunction timeisUp(){\t\t\t\t\t\t\n\t\t\t\t\t\tjQuery(\"#finished-message-893a557\").html( \"<span>D\u00e9sol\u00e9 vous \u00eates en retard<\/span>\" );\n\t\t\t\t    }\n\t\t\t\t\t\t\t\t\t\n\t\t\t});\t\t    \n        <\/script>\n\t\t\t\t<\/div>\n\t\t\t\t<\/div>\n\t\t\t\t\t<\/div>\n\t\t<\/div>\n\t\t\t\t\t\t\t<\/div>\n\t\t<\/section>\n\t\t\t\t<section class=\"elementor-section elementor-top-section elementor-element elementor-element-b4b5721 elementor-section-boxed elementor-section-height-default elementor-section-height-default\" data-id=\"b4b5721\" data-element_type=\"section\">\n\t\t\t\t\t\t<div class=\"elementor-container elementor-column-gap-default\">\n\t\t\t\t\t<div class=\"elementor-column elementor-col-50 elementor-top-column elementor-element elementor-element-af0cc0a\" data-id=\"af0cc0a\" data-element_type=\"column\">\n\t\t\t<div class=\"elementor-widget-wrap elementor-element-populated\">\n\t\t\t\t\t\t\t\t<div class=\"elementor-element elementor-element-628d004 elementor-widget elementor-widget-text-editor\" data-id=\"628d004\" data-element_type=\"widget\" data-widget_type=\"text-editor.default\">\n\t\t\t\t<div class=\"elementor-widget-container\">\n\t\t\t<style>\/*! elementor - v3.13.3 - 28-05-2023 *\/\n.elementor-widget-text-editor.elementor-drop-cap-view-stacked .elementor-drop-cap{background-color:#69727d;color:#fff}.elementor-widget-text-editor.elementor-drop-cap-view-framed .elementor-drop-cap{color:#69727d;border:3px solid;background-color:transparent}.elementor-widget-text-editor:not(.elementor-drop-cap-view-default) .elementor-drop-cap{margin-top:8px}.elementor-widget-text-editor:not(.elementor-drop-cap-view-default) .elementor-drop-cap-letter{width:1em;height:1em}.elementor-widget-text-editor .elementor-drop-cap{float:left;text-align:center;line-height:1;font-size:50px}.elementor-widget-text-editor .elementor-drop-cap-letter{display:inline-block}<\/style>\t\t\t\t<p><span style=\"font-weight: 400;\">Recevez les informations sur nos prochains rendez-vous directement dans votre boite mail simplement en remplissant le formulaire ci-apr\u00e8s.<\/span><\/p>\t\t\t\t\t\t<\/div>\n\t\t\t\t<\/div>\n\t\t\t\t\t<\/div>\n\t\t<\/div>\n\t\t\t\t<div class=\"elementor-column elementor-col-50 elementor-top-column elementor-element elementor-element-1fe895b\" data-id=\"1fe895b\" data-element_type=\"column\">\n\t\t\t<div class=\"elementor-widget-wrap elementor-element-populated\">\n\t\t\t\t\t\t\t\t<div class=\"elementor-element elementor-element-3a0b662 elementor-widget elementor-widget-wpforms\" data-id=\"3a0b662\" data-element_type=\"widget\" data-widget_type=\"wpforms.default\">\n\t\t\t\t<div class=\"elementor-widget-container\">\n\t\t\t<div class=\"wpforms-container wpforms-container-full\" id=\"wpforms-6628\"><form id=\"wpforms-form-6628\" class=\"wpforms-validate wpforms-form wpforms-ajax-form\" data-formid=\"6628\" method=\"post\" enctype=\"multipart\/form-data\" action=\"\/index.php\/wp-json\/wp\/v2\/pages\/4752\" data-token=\"ad8119d3210ba3ed21b266fca60a2f9b\" data-token-time=\"1777630606\"><noscript class=\"wpforms-error-noscript\">Please enable JavaScript in your browser to complete this form.<\/noscript><div class=\"wpforms-field-container\"><div id=\"wpforms-6628-field_0-container\" class=\"wpforms-field wpforms-field-name\" data-field-id=\"0\"><label class=\"wpforms-field-label\" for=\"wpforms-6628-field_0\">Nom <span class=\"wpforms-required-label\">*<\/span><\/label><div class=\"wpforms-field-row wpforms-field-medium\"><div class=\"wpforms-field-row-block wpforms-first wpforms-one-half\"><input type=\"text\" id=\"wpforms-6628-field_0\" class=\"wpforms-field-name-first wpforms-field-required\" name=\"wpforms[fields][0][first]\" required><label for=\"wpforms-6628-field_0\" class=\"wpforms-field-sublabel after\">First<\/label><\/div><div class=\"wpforms-field-row-block wpforms-one-half\"><input type=\"text\" id=\"wpforms-6628-field_0-last\" class=\"wpforms-field-name-last wpforms-field-required\" name=\"wpforms[fields][0][last]\" required><label for=\"wpforms-6628-field_0-last\" class=\"wpforms-field-sublabel after\">Last<\/label><\/div><\/div><\/div><div id=\"wpforms-6628-field_4-container\" class=\"wpforms-field wpforms-field-text\" data-field-id=\"4\"><label class=\"wpforms-field-label\" for=\"wpforms-6628-field_4\">Moyen de paiement utilis\u00e9 <span class=\"wpforms-required-label\">*<\/span><\/label><input type=\"text\" id=\"wpforms-6628-field_4\" class=\"wpforms-field-medium wpforms-field-required\" name=\"wpforms[fields][4]\" required><\/div><\/div><!-- .wpforms-field-container --><div class=\"wpforms-submit-container\" ><input type=\"hidden\" name=\"wpforms[id]\" value=\"6628\"><input type=\"hidden\" name=\"page_title\" value=\"\"><input type=\"hidden\" name=\"page_url\" value=\"https:\/\/scemanagement.net\/index.php\/wp-json\/wp\/v2\/pages\/4752\"><button type=\"submit\" name=\"wpforms[submit]\" id=\"wpforms-submit-6628\" class=\"wpforms-submit\" data-alt-text=\"Envoi...\" data-submit-text=\"Confirmer\" aria-live=\"assertive\" value=\"wpforms-submit\">Confirmer<\/button><img decoding=\"async\" loading=\"lazy\" src=\"https:\/\/scemanagement.net\/wp-content\/plugins\/wpforms-lite\/assets\/images\/submit-spin.svg\" class=\"wpforms-submit-spinner\" style=\"display: none;\" width=\"26\" height=\"26\" alt=\"Loading\"><\/div><\/form><\/div>  <!-- .wpforms-container -->\t\t<\/div>\n\t\t\t\t<\/div>\n\t\t\t\t\t<\/div>\n\t\t<\/div>\n\t\t\t\t\t\t\t<\/div>\n\t\t<\/section>\n\t\t\t\t\t\t\t<\/div>\n\t\t","protected":false},"excerpt":{"rendered":"<p>Recevez les informations sur nos prochains rendez-vous directement dans votre boite mail simplement en remplissant le formulaire ci-apr\u00e8s.<\/p>\n","protected":false},"author":1,"featured_media":0,"parent":0,"menu_order":0,"comment_status":"closed","ping_status":"closed","template":"","meta":{"_uag_custom_page_level_css":"","site-sidebar-layout":"no-sidebar","site-content-layout":"page-builder","ast-global-header-display":"","ast-banner-title-visibility":"","ast-main-header-display":"","ast-hfb-above-header-display":"","ast-hfb-below-header-display":"","ast-hfb-mobile-header-display":"","site-post-title":"disabled","ast-breadcrumbs-content":"","ast-featured-img":"disabled","footer-sml-layout":"","theme-transparent-header-meta":"","adv-header-id-meta":"","stick-header-meta":"","header-above-stick-meta":"","header-main-stick-meta":"","header-below-stick-meta":""},"featured_image_src":"","featured_image_src_square":false,"rbea_author_info":{"display_name":"scemanagement.net","author_link":"https:\/\/scemanagement.net\/index.php\/author\/scemanagement-net\/"},"rbea_excerpt_info":"Recevez les informations sur nos prochains rendez-vous directement dans votre boite mail simplement en remplissant le formulaire ci-apr\u00e8s.","uagb_featured_image_src":{"full":false,"thumbnail":false,"medium":false,"medium_large":false,"large":false,"1536x1536":false,"2048x2048":false,"depicter-thumbnail":false,"widget-thumbnail":false,"woocommerce_thumbnail":false,"woocommerce_single":false,"woocommerce_gallery_thumbnail":false},"uagb_author_info":{"display_name":"scemanagement.net","author_link":"https:\/\/scemanagement.net\/index.php\/author\/scemanagement-net\/"},"uagb_comment_info":0,"uagb_excerpt":"Recevez les informations sur nos prochains rendez-vous directement dans votre boite mail simplement en remplissant le formulaire ci-apr\u00e8s.","_links":{"self":[{"href":"https:\/\/scemanagement.net\/index.php\/wp-json\/wp\/v2\/pages\/4752"}],"collection":[{"href":"https:\/\/scemanagement.net\/index.php\/wp-json\/wp\/v2\/pages"}],"about":[{"href":"https:\/\/scemanagement.net\/index.php\/wp-json\/wp\/v2\/types\/page"}],"author":[{"embeddable":true,"href":"https:\/\/scemanagement.net\/index.php\/wp-json\/wp\/v2\/users\/1"}],"replies":[{"embeddable":true,"href":"https:\/\/scemanagement.net\/index.php\/wp-json\/wp\/v2\/comments?post=4752"}],"version-history":[{"count":25,"href":"https:\/\/scemanagement.net\/index.php\/wp-json\/wp\/v2\/pages\/4752\/revisions"}],"predecessor-version":[{"id":7653,"href":"https:\/\/scemanagement.net\/index.php\/wp-json\/wp\/v2\/pages\/4752\/revisions\/7653"}],"wp:attachment":[{"href":"https:\/\/scemanagement.net\/index.php\/wp-json\/wp\/v2\/media?parent=4752"}],"curies":[{"name":"wp","href":"https:\/\/api.w.org\/{rel}","templated":true}]}}