{"id":6917,"date":"2023-09-15T13:57:43","date_gmt":"2023-09-15T11:57:43","guid":{"rendered":"https:\/\/scemanagement.net\/?page_id=6917"},"modified":"2023-10-26T01:17:12","modified_gmt":"2023-10-25T23:17:12","slug":"elementor-6917","status":"publish","type":"page","link":"http:\/\/scemanagement.net\/indexphp\/elementor-6917\/","title":{"rendered":"Elementor #6917"},"content":{"rendered":"\t\t<div data-elementor-type=\"wp-page\" data-elementor-id=\"6917\" class=\"elementor elementor-6917\">\n\t\t\t\t\t\t\t\t\t<section class=\"elementor-section elementor-top-section elementor-element elementor-element-82svavn elementor-section-boxed elementor-section-height-default elementor-section-height-default\" data-id=\"82svavn\" data-element_type=\"section\" data-settings=\"{&quot;background_background&quot;:&quot;classic&quot;}\">\n\t\t\t\t\t\t\t<div class=\"elementor-background-overlay\"><\/div>\n\t\t\t\t\t\t\t<div class=\"elementor-container elementor-column-gap-default\">\n\t\t\t\t\t<div class=\"elementor-column elementor-col-100 elementor-top-column elementor-element elementor-element-55b0429\" data-id=\"55b0429\" data-element_type=\"column\">\n\t\t\t<div class=\"elementor-widget-wrap elementor-element-populated\">\n\t\t\t\t\t\t\t\t<div class=\"elementor-element elementor-element-453e782 elementor-widget elementor-widget-heading\" data-id=\"453e782\" data-element_type=\"widget\" data-widget_type=\"heading.default\">\n\t\t\t\t<div class=\"elementor-widget-container\">\n\t\t\t<style>\/*! elementor - v3.13.3 - 28-05-2023 *\/\n.elementor-heading-title{padding:0;margin:0;line-height:1}.elementor-widget-heading .elementor-heading-title[class*=elementor-size-]>a{color:inherit;font-size:inherit;line-height:inherit}.elementor-widget-heading .elementor-heading-title.elementor-size-small{font-size:15px}.elementor-widget-heading .elementor-heading-title.elementor-size-medium{font-size:19px}.elementor-widget-heading .elementor-heading-title.elementor-size-large{font-size:29px}.elementor-widget-heading .elementor-heading-title.elementor-size-xl{font-size:39px}.elementor-widget-heading .elementor-heading-title.elementor-size-xxl{font-size:59px}<\/style><h1 class=\"elementor-heading-title elementor-size-default\">SCE-M TALENT<\/h1>\t\t<\/div>\n\t\t\t\t<\/div>\n\t\t\t\t<div class=\"elementor-element elementor-element-3428592 elementor-widget elementor-widget-heading\" data-id=\"3428592\" data-element_type=\"widget\" data-widget_type=\"heading.default\">\n\t\t\t\t<div class=\"elementor-widget-container\">\n\t\t\t<h4 class=\"elementor-heading-title elementor-size-default\">Solution de recrutement proactif. Le profil Supply Chain parfait.<\/h4>\t\t<\/div>\n\t\t\t\t<\/div>\n\t\t\t\t<div class=\"elementor-element elementor-element-92570e2 elementor-widget-divider--view-line elementor-widget elementor-widget-divider\" data-id=\"92570e2\" data-element_type=\"widget\" data-widget_type=\"divider.default\">\n\t\t\t\t<div class=\"elementor-widget-container\">\n\t\t\t<style>\/*! elementor - v3.13.3 - 28-05-2023 *\/\n.elementor-widget-divider{--divider-border-style:none;--divider-border-width:1px;--divider-color:#0c0d0e;--divider-icon-size:20px;--divider-element-spacing:10px;--divider-pattern-height:24px;--divider-pattern-size:20px;--divider-pattern-url:none;--divider-pattern-repeat:repeat-x}.elementor-widget-divider .elementor-divider{display:flex}.elementor-widget-divider .elementor-divider__text{font-size:15px;line-height:1;max-width:95%}.elementor-widget-divider .elementor-divider__element{margin:0 var(--divider-element-spacing);flex-shrink:0}.elementor-widget-divider .elementor-icon{font-size:var(--divider-icon-size)}.elementor-widget-divider .elementor-divider-separator{display:flex;margin:0;direction:ltr}.elementor-widget-divider--view-line_icon .elementor-divider-separator,.elementor-widget-divider--view-line_text .elementor-divider-separator{align-items:center}.elementor-widget-divider--view-line_icon .elementor-divider-separator:after,.elementor-widget-divider--view-line_icon .elementor-divider-separator:before,.elementor-widget-divider--view-line_text .elementor-divider-separator:after,.elementor-widget-divider--view-line_text .elementor-divider-separator:before{display:block;content:\"\";border-bottom:0;flex-grow:1;border-top:var(--divider-border-width) var(--divider-border-style) var(--divider-color)}.elementor-widget-divider--element-align-left .elementor-divider .elementor-divider-separator>.elementor-divider__svg:first-of-type{flex-grow:0;flex-shrink:100}.elementor-widget-divider--element-align-left .elementor-divider-separator:before{content:none}.elementor-widget-divider--element-align-left .elementor-divider__element{margin-left:0}.elementor-widget-divider--element-align-right .elementor-divider .elementor-divider-separator>.elementor-divider__svg:last-of-type{flex-grow:0;flex-shrink:100}.elementor-widget-divider--element-align-right .elementor-divider-separator:after{content:none}.elementor-widget-divider--element-align-right .elementor-divider__element{margin-right:0}.elementor-widget-divider:not(.elementor-widget-divider--view-line_text):not(.elementor-widget-divider--view-line_icon) .elementor-divider-separator{border-top:var(--divider-border-width) var(--divider-border-style) var(--divider-color)}.elementor-widget-divider--separator-type-pattern{--divider-border-style:none}.elementor-widget-divider--separator-type-pattern.elementor-widget-divider--view-line .elementor-divider-separator,.elementor-widget-divider--separator-type-pattern:not(.elementor-widget-divider--view-line) .elementor-divider-separator:after,.elementor-widget-divider--separator-type-pattern:not(.elementor-widget-divider--view-line) .elementor-divider-separator:before,.elementor-widget-divider--separator-type-pattern:not([class*=elementor-widget-divider--view]) .elementor-divider-separator{width:100%;min-height:var(--divider-pattern-height);-webkit-mask-size:var(--divider-pattern-size) 100%;mask-size:var(--divider-pattern-size) 100%;-webkit-mask-repeat:var(--divider-pattern-repeat);mask-repeat:var(--divider-pattern-repeat);background-color:var(--divider-color);-webkit-mask-image:var(--divider-pattern-url);mask-image:var(--divider-pattern-url)}.elementor-widget-divider--no-spacing{--divider-pattern-size:auto}.elementor-widget-divider--bg-round{--divider-pattern-repeat:round}.rtl .elementor-widget-divider .elementor-divider__text{direction:rtl}.e-con-inner>.elementor-widget-divider,.e-con>.elementor-widget-divider{width:var(--container-widget-width,100%);--flex-grow:var(--container-widget-flex-grow)}<\/style>\t\t<div class=\"elementor-divider\">\n\t\t\t<span class=\"elementor-divider-separator\">\n\t\t\t\t\t\t<\/span>\n\t\t<\/div>\n\t\t\t\t<\/div>\n\t\t\t\t<\/div>\n\t\t\t\t\t<\/div>\n\t\t<\/div>\n\t\t\t\t\t\t\t<\/div>\n\t\t<\/section>\n\t\t\t\t<section class=\"elementor-section elementor-top-section elementor-element elementor-element-9h85scg elementor-section-boxed elementor-section-height-default elementor-section-height-default\" data-id=\"9h85scg\" data-element_type=\"section\" data-settings=\"{&quot;background_background&quot;:&quot;classic&quot;}\">\n\t\t\t\t\t\t\t<div class=\"elementor-background-overlay\"><\/div>\n\t\t\t\t\t\t\t<div class=\"elementor-container elementor-column-gap-default\">\n\t\t\t\t\t<div class=\"elementor-column elementor-col-100 elementor-top-column elementor-element elementor-element-a9a69dd\" data-id=\"a9a69dd\" data-element_type=\"column\">\n\t\t\t<div class=\"elementor-widget-wrap elementor-element-populated\">\n\t\t\t\t\t\t\t\t<div class=\"elementor-element elementor-element-903dcf2 elementor-widget elementor-widget-heading\" data-id=\"903dcf2\" data-element_type=\"widget\" data-widget_type=\"heading.default\">\n\t\t\t\t<div class=\"elementor-widget-container\">\n\t\t\t<h2 class=\"elementor-heading-title elementor-size-default\">\n\nL'expertise Optimis\u00e9e\n<\/h2>\t\t<\/div>\n\t\t\t\t<\/div>\n\t\t\t\t<div class=\"elementor-element elementor-element-1694eb3 elementor-widget-divider--view-line elementor-widget elementor-widget-divider\" data-id=\"1694eb3\" data-element_type=\"widget\" data-widget_type=\"divider.default\">\n\t\t\t\t<div class=\"elementor-widget-container\">\n\t\t\t\t\t<div class=\"elementor-divider\">\n\t\t\t<span class=\"elementor-divider-separator\">\n\t\t\t\t\t\t<\/span>\n\t\t<\/div>\n\t\t\t\t<\/div>\n\t\t\t\t<\/div>\n\t\t\t\t<div class=\"elementor-element elementor-element-c07d6ad elementor-widget elementor-widget-text-editor\" data-id=\"c07d6ad\" data-element_type=\"widget\" data-widget_type=\"text-editor.default\">\n\t\t\t\t<div class=\"elementor-widget-container\">\n\t\t\t<style>\/*! elementor - v3.13.3 - 28-05-2023 *\/\n.elementor-widget-text-editor.elementor-drop-cap-view-stacked .elementor-drop-cap{background-color:#69727d;color:#fff}.elementor-widget-text-editor.elementor-drop-cap-view-framed .elementor-drop-cap{color:#69727d;border:3px solid;background-color:transparent}.elementor-widget-text-editor:not(.elementor-drop-cap-view-default) .elementor-drop-cap{margin-top:8px}.elementor-widget-text-editor:not(.elementor-drop-cap-view-default) .elementor-drop-cap-letter{width:1em;height:1em}.elementor-widget-text-editor .elementor-drop-cap{float:left;text-align:center;line-height:1;font-size:50px}.elementor-widget-text-editor .elementor-drop-cap-letter{display:inline-block}<\/style>\t\t\t\t<p align=\"justify\">SCE-Talent est une solution de recrutement et de recherche de cadres de bout en bout dans le domaine de la cha\u00eene d&#8217;approvisionnement qui met en relation les meilleurs talents de la cha\u00eene d&#8217;approvisionnement avec les fabricants, les d\u00e9taillants, les distributeurs en gros et les prestataires de services de la cha\u00eene d&#8217;approvisionnement. Notre succ\u00e8s peut \u00eatre attribu\u00e9 \u00e0 une connaissance fonctionnelle approfondie de la discipline de la cha\u00eene d&#8217;approvisionnement de bout en bout, \u00e0 un vaste r\u00e9seau de relations \u00e0 travers le secteur de la cha\u00eene d&#8217;approvisionnement, et \u00e0 un processus solide et ax\u00e9 sur la performance qui fournit constamment des talents qui correspondent ou d\u00e9passent les attentes des clients.\n\n<em><strong>SCE-Talent est la r\u00e9ponse parfaite ! Le meilleur Talent maintenant, c&#8217;est avec nous<\/strong><\/em>\t\t\t\t\t\t<\/div>\n\t\t\t\t<\/div>\n\t\t\t\t\t<\/div>\n\t\t<\/div>\n\t\t\t\t\t\t\t<\/div>\n\t\t<\/section>\n\t\t\t\t<section class=\"elementor-section elementor-top-section elementor-element elementor-element-0abca67 elementor-section-boxed elementor-section-height-default elementor-section-height-default\" data-id=\"0abca67\" data-element_type=\"section\" data-settings=\"{&quot;background_background&quot;:&quot;classic&quot;}\">\n\t\t\t\t\t\t\t<div class=\"elementor-background-overlay\"><\/div>\n\t\t\t\t\t\t\t<div class=\"elementor-container elementor-column-gap-default\">\n\t\t\t\t\t<div class=\"elementor-column elementor-col-100 elementor-top-column elementor-element elementor-element-bd0cc68\" data-id=\"bd0cc68\" data-element_type=\"column\">\n\t\t\t<div class=\"elementor-widget-wrap elementor-element-populated\">\n\t\t\t\t\t\t\t\t<div class=\"elementor-element elementor-element-ffe4d8b elementor-widget elementor-widget-heading\" data-id=\"ffe4d8b\" data-element_type=\"widget\" data-widget_type=\"heading.default\">\n\t\t\t\t<div class=\"elementor-widget-container\">\n\t\t\t<h2 class=\"elementor-heading-title elementor-size-default\">NOTRE MISSION<\/h2>\t\t<\/div>\n\t\t\t\t<\/div>\n\t\t\t\t<div class=\"elementor-element elementor-element-052ce8c elementor-widget-divider--view-line elementor-widget elementor-widget-divider\" data-id=\"052ce8c\" data-element_type=\"widget\" data-widget_type=\"divider.default\">\n\t\t\t\t<div class=\"elementor-widget-container\">\n\t\t\t\t\t<div class=\"elementor-divider\">\n\t\t\t<span class=\"elementor-divider-separator\">\n\t\t\t\t\t\t<\/span>\n\t\t<\/div>\n\t\t\t\t<\/div>\n\t\t\t\t<\/div>\n\t\t\t\t<div class=\"elementor-element elementor-element-9f62a4a elementor-widget__width-initial elementor-widget elementor-widget-text-editor\" data-id=\"9f62a4a\" data-element_type=\"widget\" data-widget_type=\"text-editor.default\">\n\t\t\t\t<div class=\"elementor-widget-container\">\n\t\t\t\t\t\t\t<ul><li>Servir de conseiller de confiance \u00e0 long terme et de partenaire commercial strat\u00e9gique dans le recrutement de la cha\u00eene d&#8217;approvisionnement et vous fournir les talents les plus accomplis sur le march\u00e9 &#8211; le bon talent, au bon moment, au bon co\u00fbt.<\/li><\/ul><ul><li>D\u00e9velopper une relation \u00e0 long terme et \u00eatre un partenaire<br \/>pr\u00e9cieux tout au long de votre carri\u00e8re, en vous proposant des opportunit\u00e9s de carri\u00e8re dans le domaine de la cha\u00eene d&#8217;approvisionnement en fonction de vos objectifs et aspirations sp\u00e9cifiques.<\/li><\/ul>\t\t\t\t\t\t<\/div>\n\t\t\t\t<\/div>\n\t\t\t\t\t<\/div>\n\t\t<\/div>\n\t\t\t\t\t\t\t<\/div>\n\t\t<\/section>\n\t\t\t\t<section class=\"elementor-section elementor-top-section elementor-element elementor-element-iy4kn2g elementor-section-content-middle elementor-section-boxed elementor-section-height-default elementor-section-height-default\" data-id=\"iy4kn2g\" data-element_type=\"section\" data-settings=\"{&quot;background_background&quot;:&quot;classic&quot;}\">\n\t\t\t\t\t\t\t<div class=\"elementor-background-overlay\"><\/div>\n\t\t\t\t\t\t\t<div class=\"elementor-container elementor-column-gap-no\">\n\t\t\t\t\t<div class=\"elementor-column elementor-col-100 elementor-top-column elementor-element elementor-element-a4da19c\" data-id=\"a4da19c\" data-element_type=\"column\">\n\t\t\t<div class=\"elementor-widget-wrap elementor-element-populated\">\n\t\t\t\t\t\t\t\t<section class=\"elementor-section elementor-inner-section elementor-element elementor-element-d4072ee elementor-section-boxed elementor-section-height-default elementor-section-height-default\" data-id=\"d4072ee\" data-element_type=\"section\">\n\t\t\t\t\t\t<div class=\"elementor-container elementor-column-gap-default\">\n\t\t\t\t\t<div class=\"elementor-column elementor-col-50 elementor-inner-column elementor-element elementor-element-115f08c\" data-id=\"115f08c\" data-element_type=\"column\">\n\t\t\t<div class=\"elementor-widget-wrap elementor-element-populated\">\n\t\t\t\t\t\t\t\t<div class=\"elementor-element elementor-element-7f072d7 elementor-widget elementor-widget-image\" data-id=\"7f072d7\" data-element_type=\"widget\" data-widget_type=\"image.default\">\n\t\t\t\t<div class=\"elementor-widget-container\">\n\t\t\t<style>\/*! elementor - v3.13.3 - 28-05-2023 *\/\n.elementor-widget-image{text-align:center}.elementor-widget-image a{display:inline-block}.elementor-widget-image a img[src$=\".svg\"]{width:48px}.elementor-widget-image img{vertical-align:middle;display:inline-block}<\/style>\t\t\t\t\t\t\t\t\t\t\t\t<img decoding=\"async\" width=\"183\" height=\"122\" src=\"https:\/\/scemanagement.net\/wp-content\/uploads\/2024\/06\/recrutement.png\" class=\"attachment-full size-full wp-image-7815\" alt=\"\" loading=\"lazy\" srcset=\"https:\/\/scemanagement.net\/wp-content\/uploads\/2024\/06\/recrutement.png 183w, https:\/\/scemanagement.net\/wp-content\/uploads\/2024\/06\/recrutement-100x67.png 100w, https:\/\/scemanagement.net\/wp-content\/uploads\/2024\/06\/recrutement-150x100.png 150w\" sizes=\"(max-width: 183px) 100vw, 183px\" \/>\t\t\t\t\t\t\t\t\t\t\t\t\t\t\t<\/div>\n\t\t\t\t<\/div>\n\t\t\t\t<div class=\"elementor-element elementor-element-5055387 elementor-widget elementor-widget-heading\" data-id=\"5055387\" data-element_type=\"widget\" data-widget_type=\"heading.default\">\n\t\t\t\t<div class=\"elementor-widget-container\">\n\t\t\t<h3 class=\"elementor-heading-title elementor-size-default\">SERVICES<\/h3>\t\t<\/div>\n\t\t\t\t<\/div>\n\t\t\t\t<div class=\"elementor-element elementor-element-c29e8bd elementor-widget elementor-widget-text-editor\" data-id=\"c29e8bd\" data-element_type=\"widget\" data-widget_type=\"text-editor.default\">\n\t\t\t\t<div class=\"elementor-widget-container\">\n\t\t\t\t\t\t\t<ul><li>Recherche de cadres confirm\u00e9s<\/li><li>Recherche d&#8217;urgence<\/li><li>Cadres int\u00e9rimaires<\/li><li>Recrutement contractuel<\/li><li>Conseil fractionn\u00e9<\/li><\/ul>\t\t\t\t\t\t<\/div>\n\t\t\t\t<\/div>\n\t\t\t\t\t<\/div>\n\t\t<\/div>\n\t\t\t\t<div class=\"elementor-column elementor-col-50 elementor-inner-column elementor-element elementor-element-c60df4a\" data-id=\"c60df4a\" data-element_type=\"column\">\n\t\t\t<div class=\"elementor-widget-wrap elementor-element-populated\">\n\t\t\t\t\t\t\t\t<div class=\"elementor-element elementor-element-14bf062 elementor-widget elementor-widget-image\" data-id=\"14bf062\" data-element_type=\"widget\" data-widget_type=\"image.default\">\n\t\t\t\t<div class=\"elementor-widget-container\">\n\t\t\t\t\t\t\t\t\t\t\t\t\t\t\t<img decoding=\"async\" width=\"183\" height=\"122\" src=\"https:\/\/scemanagement.net\/wp-content\/uploads\/2024\/06\/recrutement.png\" class=\"attachment-full size-full wp-image-7815\" alt=\"\" loading=\"lazy\" srcset=\"https:\/\/scemanagement.net\/wp-content\/uploads\/2024\/06\/recrutement.png 183w, https:\/\/scemanagement.net\/wp-content\/uploads\/2024\/06\/recrutement-100x67.png 100w, https:\/\/scemanagement.net\/wp-content\/uploads\/2024\/06\/recrutement-150x100.png 150w\" sizes=\"(max-width: 183px) 100vw, 183px\" \/>\t\t\t\t\t\t\t\t\t\t\t\t\t\t\t<\/div>\n\t\t\t\t<\/div>\n\t\t\t\t<div class=\"elementor-element elementor-element-5426bb0 elementor-widget elementor-widget-heading\" data-id=\"5426bb0\" data-element_type=\"widget\" data-widget_type=\"heading.default\">\n\t\t\t\t<div class=\"elementor-widget-container\">\n\t\t\t<h3 class=\"elementor-heading-title elementor-size-default\">INDUSTRIES<\/h3>\t\t<\/div>\n\t\t\t\t<\/div>\n\t\t\t\t<div class=\"elementor-element elementor-element-2593ccc elementor-widget elementor-widget-text-editor\" data-id=\"2593ccc\" data-element_type=\"widget\" data-widget_type=\"text-editor.default\">\n\t\t\t\t<div class=\"elementor-widget-container\">\n\t\t\t\t\t\t\t<ul><li>Biens de consommation<\/li><li>Vente au d\u00e9tail et commerce \u00e9lectronique<\/li><li>Alimentation et boissons<\/li><li>Hi-tech et \u00e9lectronique<\/li><li>Soins de sant\u00e9 et appareils m\u00e9dicaux<\/li><li>Distribution en gros<\/li><\/ul>\t\t\t\t\t\t<\/div>\n\t\t\t\t<\/div>\n\t\t\t\t\t<\/div>\n\t\t<\/div>\n\t\t\t\t\t\t\t<\/div>\n\t\t<\/section>\n\t\t\t\t\t<\/div>\n\t\t<\/div>\n\t\t\t\t\t\t\t<\/div>\n\t\t<\/section>\n\t\t\t\t\t\t\t<\/div>\n\t\t","protected":false},"excerpt":{"rendered":"<p>SCE-M TALENT Solution de recrutement proactif. Le profil Supply Chain parfait. L&#8217;expertise Optimis\u00e9e SCE-Talent est une solution de recrutement et de recherche de cadres de bout en bout dans le domaine de la cha\u00eene d&#8217;approvisionnement qui met en relation les meilleurs talents de la cha\u00eene d&#8217;approvisionnement avec les fabricants, les d\u00e9taillants, les distributeurs en gros &hellip;<\/p>\n<p class=\"read-more\"> <a class=\"\" href=\"http:\/\/scemanagement.net\/indexphp\/elementor-6917\/\"> <span class=\"screen-reader-text\">Elementor #6917<\/span> Read More &raquo;<\/a><\/p>\n","protected":false},"author":1,"featured_media":0,"parent":0,"menu_order":0,"comment_status":"closed","ping_status":"closed","template":"","meta":{"_uag_custom_page_level_css":"","site-sidebar-layout":"no-sidebar","site-content-layout":"page-builder","ast-global-header-display":"","ast-banner-title-visibility":"","ast-main-header-display":"","ast-hfb-above-header-display":"","ast-hfb-below-header-display":"","ast-hfb-mobile-header-display":"","site-post-title":"disabled","ast-breadcrumbs-content":"","ast-featured-img":"disabled","footer-sml-layout":"","theme-transparent-header-meta":"","adv-header-id-meta":"","stick-header-meta":"","header-above-stick-meta":"","header-main-stick-meta":"","header-below-stick-meta":""},"featured_image_src":"","featured_image_src_square":false,"rbea_author_info":{"display_name":"scemanagement.net","author_link":"https:\/\/scemanagement.net\/index.php\/author\/scemanagement-net\/"},"rbea_excerpt_info":"SCE-M TALENT Solution de recrutement proactif. Le profil Supply Chain parfait. L&#8217;expertise Optimis\u00e9e SCE-Talent est une solution de recrutement et de recherche de cadres de bout en bout dans le domaine de la cha\u00eene d&#8217;approvisionnement qui met en relation les meilleurs talents de la cha\u00eene d&#8217;approvisionnement avec les fabricants, les d\u00e9taillants, les distributeurs en gros &hellip;<p class=\"read-more\"> <a class=\"\" href=\"http:\/\/scemanagement.net\/indexphp\/elementor-6917\/\"> <span class=\"screen-reader-text\">Elementor #6917<\/span> Read More &raquo;<\/a><\/p>","uagb_featured_image_src":{"full":false,"thumbnail":false,"medium":false,"medium_large":false,"large":false,"1536x1536":false,"2048x2048":false,"depicter-thumbnail":false,"widget-thumbnail":false,"woocommerce_thumbnail":false,"woocommerce_single":false,"woocommerce_gallery_thumbnail":false},"uagb_author_info":{"display_name":"scemanagement.net","author_link":"https:\/\/scemanagement.net\/index.php\/author\/scemanagement-net\/"},"uagb_comment_info":0,"uagb_excerpt":"SCE-M TALENT Solution de recrutement proactif. Le profil Supply Chain parfait. L&#8217;expertise Optimis\u00e9e SCE-Talent est une solution de recrutement et de recherche de cadres de bout en bout dans le domaine de la cha\u00eene d&#8217;approvisionnement qui met en relation les meilleurs talents de la cha\u00eene d&#8217;approvisionnement avec les fabricants, les d\u00e9taillants, les distributeurs en gros&hellip;","_links":{"self":[{"href":"https:\/\/scemanagement.net\/index.php\/wp-json\/wp\/v2\/pages\/6917"}],"collection":[{"href":"https:\/\/scemanagement.net\/index.php\/wp-json\/wp\/v2\/pages"}],"about":[{"href":"https:\/\/scemanagement.net\/index.php\/wp-json\/wp\/v2\/types\/page"}],"author":[{"embeddable":true,"href":"https:\/\/scemanagement.net\/index.php\/wp-json\/wp\/v2\/users\/1"}],"replies":[{"embeddable":true,"href":"https:\/\/scemanagement.net\/index.php\/wp-json\/wp\/v2\/comments?post=6917"}],"version-history":[{"count":49,"href":"https:\/\/scemanagement.net\/index.php\/wp-json\/wp\/v2\/pages\/6917\/revisions"}],"predecessor-version":[{"id":7618,"href":"https:\/\/scemanagement.net\/index.php\/wp-json\/wp\/v2\/pages\/6917\/revisions\/7618"}],"wp:attachment":[{"href":"https:\/\/scemanagement.net\/index.php\/wp-json\/wp\/v2\/media?parent=6917"}],"curies":[{"name":"wp","href":"https:\/\/api.w.org\/{rel}","templated":true}]}}